{"id":1646,"date":"2013-08-04T13:08:05","date_gmt":"2013-08-04T11:08:05","guid":{"rendered":"http:\/\/bezjacka.art.pl\/strona\/?page_id=1646"},"modified":"2017-04-10T10:39:14","modified_gmt":"2017-04-10T08:39:14","slug":"kup-plyte","status":"publish","type":"page","link":"http:\/\/bezjacka.art.pl\/strona\/kup-plyte\/","title":{"rendered":"Kup p\u0142yt\u0119"},"content":{"rendered":"<p><strong>P\u0142yty mo\u017cna naby\u0107 podczas koncert\u00f3w lub drog\u0105 pocztow\u0105 (wy\u0142\u0105cznie przedp\u0142ata na konto). Je\u015bli decydujesz si\u0119 na zakup poczt\u0105 post\u0119puj wed\u0142ug poni\u017cszych krok\u00f3w.<br \/>\n<\/strong><\/p>\n<h4>Krok 1<\/h4>\n<p>Nale\u017cno\u015b\u0107 za p\u0142yt\u0119 (34,00 z\u0142) plus koszt przesy\u0142ki w wysoko\u015bci 6,00 z\u0142 (przy 2 CD koszt taki sam) Przela\u0107 na konto:<\/p>\n<p>Kredyt Bank &#8211; 76 1500 2051 1020 5008 2437 0000<\/p>\n<p>W tytule przelewu wpisa\u0107: Nale\u017cno\u015b\u0107 za p\u0142yt\u0119 \/poda\u0107 tytu\u0142\/<\/p>\n<h4>Krok 2<\/h4>\n<p>Pod adres bez.jacka@wp.pl przes\u0142a\u0107 maila nast\u0119puj\u0105cej tre\u015bci:<\/p>\n<p>Potwierdzam zakup p\u0142yty &#8230;. \/poda\u0107 tytu\u0142\/ &#8230;.<\/p>\n<p>Adres do wysy\u0142ki:<br \/>\nimi\u0119 i nazwisko<br \/>\nulica, nr domu<br \/>\nkod pocztowy, miasto<br \/>\ntelefon \/ewentualnie\/ <\/p>\n<p>Istnieje mo\u017cliwo\u015b\u0107 zakupu p\u0142yty (w tej samej cenie) z autografami cz\u0142onk\u00f3w zespo\u0142u, ale czas realizacji przesy\u0142ki troszk\u0119 si\u0119 wyd\u0142u\u017cy. Je\u015bli jeste\u015b zainteresowna\/y t\u0105 opcj\u0105. Dopisz w mailu, \u017ce chcesz p\u0142yt\u0119 z autografami.<\/p>\n<h4>Krok 3<\/h4>\n<p>Cierpliwie czeka\u0107 na przesy\u0142k\u0119 ;)<\/p>\n","protected":false},"excerpt":{"rendered":"<div class=\"entry-summary\">\nP\u0142yty mo\u017cna naby\u0107 podczas koncert\u00f3w lub drog\u0105 pocztow\u0105 (wy\u0142\u0105cznie przedp\u0142ata na konto).&hellip;\n<\/div>\n<div class=\"link-more\"><a href=\"http:\/\/bezjacka.art.pl\/strona\/kup-plyte\/\" class=\"more-link\">Czytaj dalej<span class=\"screen-reader-text\"> &ldquo;Kup p\u0142yt\u0119&rdquo;<\/span>&hellip;<\/a><\/div>\n","protected":false},"author":1,"featured_media":0,"parent":0,"menu_order":0,"comment_status":"open","ping_status":"open","template":"","meta":{"spay_email":""},"jetpack_shortlink":"https:\/\/wp.me\/P4OIY8-qy","jetpack-related-posts":[{"id":4053,"url":"http:\/\/bezjacka.art.pl\/strona\/","url_meta":{"origin":1646,"position":0},"title":"Nowa p\u0142yta &#8211; &#8220;Wierz\u0105c w sny&#8221;","date":"9 kwietnia 2017","format":false,"excerpt":"Kochani, wreszcie po latach mo\u017cemy przedstawi\u0107 Wam nasz\u0105 now\u0105 p\u0142yt\u0119. Nosi ona tytu\u0142 \"Wierz\u0105c w sny\". Dobre sny i dobre marzenia, pragnienia spe\u0142niaj\u0105 si\u0119. Sam tego do\u015bwiadczy\u0142em, a ch\u0119\u0107 podzielenia si\u0119 tym z Wami spe\u0142nia si\u0119 wraz z wydaniem tej p\u0142yty. P\u0142yta nasza nagrana jest klasycznie, bez specjalnych efekt\u00f3w dodanych\u2026","rel":"","context":"Similar post","img":{"alt_text":"","src":"https:\/\/i0.wp.com\/bezjacka.art.pl\/strona\/wp-content\/uploads\/2017\/04\/zbig_plyta.png?resize=350%2C200","width":350,"height":200},"classes":[]},{"id":1615,"url":"http:\/\/bezjacka.art.pl\/strona\/nasze-plyty\/","url_meta":{"origin":1646,"position":1},"title":"Wydawnictwa","date":"4 sierpnia 2013","format":false,"excerpt":"Ze wszystkich naszych wydawnictw tylko ostatnie p\u0142yty wydane przez wytw\u00f3rni\u0119 \"Dalmafon\" oraz przez nas samych s\u0105 legalne. Pozosta\u0142e p\u0142yty w zwi\u0105zku z wyga\u015bni\u0119ciem praw do ich rozpowszechniania, utraci\u0142y licencje i je\u017celi gdziekolwiek znajdziecie je Pa\u0144stwo w sprzeda\u017cy, to s\u0105 to wydania nielegalne czyli pirackie. Je\u017celi cho\u0107 troch\u0119 lubicie Pa\u0144stwo nas\u2026","rel":"","context":"Similar post","img":{"alt_text":"","src":"https:\/\/i1.wp.com\/bezjacka.art.pl\/strona\/wp-content\/uploads\/2017\/04\/bj_tlo_09.jpg?resize=350%2C200","width":350,"height":200},"classes":[]},{"id":1663,"url":"http:\/\/bezjacka.art.pl\/strona\/ot-tak-po-prostu-tom-2\/","url_meta":{"origin":1646,"position":2},"title":"&#8220;Ot tak, po prostu&#8230;&#8221; tom. 2","date":"4 sierpnia 2013","format":false,"excerpt":"wydawca: DALMAFON premiera: 17 Wrze\u015bnia 2010 Ten projekt powsta\u0142 przypadkowo 4 lata temu na Bazunie podczas jubileuszowego koncertu S\u0142odkiego Ca\u0142usa od Buby. Zesp\u00f3\u0142 S\u0142odki Ca\u0142us zagra\u0142 piosenk\u0119 z repertuaru Bez Jacka, a za\u015bpiewa\u0142 j\u0105 Zbyszek Stefa\u0144ski, lider Bez Jacka. Spodoba\u0142o si\u0119 wszystkim i by\u0142o wiadomo, \u017ce na tym si\u0119 nie\u2026","rel":"","context":"Similar post","img":{"alt_text":"","src":"","width":0,"height":0},"classes":[]},{"id":4109,"url":"http:\/\/bezjacka.art.pl\/strona\/bez-jacka-wierzac-w-sny\/","url_meta":{"origin":1646,"position":3},"title":"Wierz\u0105c w sny","date":"9 kwietnia 2017","format":false,"excerpt":"wydawca: Grupa Bez Jacka \u00a0\u00a0 premiera: 10 kwietnia 2017 Kochani, wreszcie po latach mo\u017cemy przedstawi\u0107 Wam nasz\u0105 now\u0105 p\u0142yt\u0119. Nosi ona nazw\u0119 \"Wierz\u0105c w sny\". Dobre sny i dobre marzenia, pragnienia spe\u0142niaj\u0105 si\u0119. Sam tego do\u015bwiadczy\u0142em, a ch\u0119\u0107 podzielenia si\u0119 tym z Wami spe\u0142nia si\u0119 wraz z wydaniem tej p\u0142yty.\u2026","rel":"","context":"With 4 comments","img":{"alt_text":"","src":"https:\/\/i0.wp.com\/bezjacka.art.pl\/strona\/wp-content\/uploads\/2017\/03\/BJ_nowa.jpg?resize=350%2C200","width":350,"height":200},"classes":[]},{"id":1680,"url":"http:\/\/bezjacka.art.pl\/strona\/bez-jacka-do-mroku-naglisz-mnie\/","url_meta":{"origin":1646,"position":4},"title":"&#8220;Do mroku naglisz mnie&#8221;","date":"4 sierpnia 2013","format":false,"excerpt":"wydawca: DALMAFON premiera: czerwiec 2003 Materia\u0142 zawarty na kr\u0105\u017cku stanowi uzupe\u0142nienie pierwszej, wydanej trzy lata wcze\u015bniej p\u0142yty \"Zata\u0144cz ze mn\u0105 na polanie\". Materia\u0142 zarejestrowano 11 pa\u017cdziernika 2002 roku w \u0141odzi w \"Pa\u0142acyku na Siedleckiej\".","rel":"","context":"Similar post","img":{"alt_text":"","src":"","width":0,"height":0},"classes":[]},{"id":1675,"url":"http:\/\/bezjacka.art.pl\/strona\/ot-tak-po-prostu-tom-1\/","url_meta":{"origin":1646,"position":5},"title":"Ot tak, po prostu&#8230; tom. 1","date":"4 sierpnia 2013","format":false,"excerpt":"wydawca: DALMAFON premiera: 28 Czerwca 2008 Dok\u0142adnie po dw\u00f3ch latach, kiedy to do\u015b\u0107 nieoczekiwanie na tej samej Bazunie w Elblagu, na swoim jubileuszowym koncercie zesp\u00f3\u0142S\u0142odki Ca\u0142us od Bubyspontanicznie zaprosi\u0142 do za\u015bpiewania kilku piosenek naszego lidera Zbyszka Stefa\u0144skiego - wychodzi wsp\u00f3lna p\u0142yta. W\u0142a\u015bciwie wychodzi pierwsza z dw\u00f3ch p\u0142yt, kt\u00f3re razem planujemy\u2026","rel":"","context":"Similar post","img":{"alt_text":"","src":"","width":0,"height":0},"classes":[]}],"jetpack_sharing_enabled":true,"_links":{"self":[{"href":"http:\/\/bezjacka.art.pl\/strona\/wp-json\/wp\/v2\/pages\/1646"}],"collection":[{"href":"http:\/\/bezjacka.art.pl\/strona\/wp-json\/wp\/v2\/pages"}],"about":[{"href":"http:\/\/bezjacka.art.pl\/strona\/wp-json\/wp\/v2\/types\/page"}],"author":[{"embeddable":true,"href":"http:\/\/bezjacka.art.pl\/strona\/wp-json\/wp\/v2\/users\/1"}],"replies":[{"embeddable":true,"href":"http:\/\/bezjacka.art.pl\/strona\/wp-json\/wp\/v2\/comments?post=1646"}],"version-history":[{"count":6,"href":"http:\/\/bezjacka.art.pl\/strona\/wp-json\/wp\/v2\/pages\/1646\/revisions"}],"predecessor-version":[{"id":4201,"href":"http:\/\/bezjacka.art.pl\/strona\/wp-json\/wp\/v2\/pages\/1646\/revisions\/4201"}],"wp:attachment":[{"href":"http:\/\/bezjacka.art.pl\/strona\/wp-json\/wp\/v2\/media?parent=1646"}],"curies":[{"name":"wp","href":"https:\/\/api.w.org\/{rel}","templated":true}]}}