{"id":4109,"date":"2017-04-09T19:33:21","date_gmt":"2017-04-09T17:33:21","guid":{"rendered":"http:\/\/bezjacka.art.pl\/strona\/?page_id=4109"},"modified":"2017-04-19T23:06:33","modified_gmt":"2017-04-19T21:06:33","slug":"bez-jacka-wierzac-w-sny","status":"publish","type":"page","link":"http:\/\/bezjacka.art.pl\/strona\/bez-jacka-wierzac-w-sny\/","title":{"rendered":"Wierz\u0105c w sny"},"content":{"rendered":"<h4>wydawca: Grupa Bez Jacka &nbsp;&nbsp; premiera: 10 kwietnia 2017<\/h4>\n<p>Kochani,<br \/>\nwreszcie po latach mo\u017cemy przedstawi\u0107 Wam nasz\u0105 now\u0105 p\u0142yt\u0119. Nosi ona nazw\u0119 &#8220;Wierz\u0105c w sny&#8221;. Dobre sny i dobre marzenia, pragnienia spe\u0142niaj\u0105 si\u0119. Sam tego do\u015bwiadczy\u0142em, a ch\u0119\u0107 podzielenia si\u0119 tym z Wami spe\u0142nia si\u0119 wraz z wydaniem tej p\u0142yty. P\u0142yta nasza nagrana jest klasycznie, bez specjalnych efekt\u00f3w dodanych instrument\u00f3w itp. Jest to zamierzone. Chcemy po prostu, aby by\u0142a ona przed\u0142u\u017ceniem koncertu, czyli naszej wsp\u00f3lnej z Wami obecno\u015bci.<br \/>\nSerdecznie pozdrawiaj\u0105c zapraszam do \u015bwiata moich przemy\u015ble\u0144 i wzrusze\u0144.<\/p>\n<p style=\"text-align: right;\"><em>Zbyszek Stefa\u0144ski<\/em><\/p>\n<div class=\"su-row\">\n<div class=\"su-column su-column-size-1-2\"><div class=\"su-column-inner su-u-clearfix su-u-trim\">\n<iframe width=\"100%\" height=\"350\" scrolling=\"no\" frameborder=\"no\" src=\"https:\/\/w.soundcloud.com\/player\/?url=https%3A%2F%2Fapi.soundcloud.com%2Fplaylists%2F314164164&auto_play=false&hide_related=false&visual=false&show_comments=true&show_user=true&show_reposts=false&color=00aabb\"><\/iframe>\n<\/div><\/div>\n<div class=\"su-column su-column-size-1-2\"><div class=\"su-column-inner su-u-clearfix su-u-trim\">\n1. Anio\u0142<br \/>\n2. Na przek\u00f3r<br \/>\n3. Bociany<br \/>\n4. Max<br \/>\n5. \u017bo\u0142nierz<br \/>\n6. Martyna<br \/>\n7. Droga<br \/>\n8. Kochana<br \/>\n9. Dziewczyna<\/p>\n<a href=\"https:\/\/sklep.sdm-myszkowski.com\/bez-jacka-wierzac-w-sny-id-61\" class=\"su-button su-button-style-stroked\" style=\"color:#FFFFFF;background-color:#457077;border-color:#385a60;border-radius:0px;-moz-border-radius:0px;-webkit-border-radius:0px\" target=\"_blank\" rel=\"noopener noreferrer\"><span style=\"color:#FFFFFF;padding:6px 18px;font-size:14px;line-height:21px;border-color:#7d9ba0;border-radius:0px;-moz-border-radius:0px;-webkit-border-radius:0px;text-shadow:none;-moz-text-shadow:none;-webkit-text-shadow:none\"><i class=\"sui sui-shopping-cart\" style=\"font-size:14px;color:#FFFFFF\"><\/i> KUP P\u0141YT\u0118<\/span><\/a>\n<\/div><\/div>\n<\/div>\n<hr>\n<div class=\"su-youtube su-u-responsive-media-yes\"><iframe width=\"600\" height=\"400\" src=\"https:\/\/www.youtube.com\/embed\/gSpAzRzYwcE?autohide=2&amp;autoplay=0&amp;mute=0&amp;controls=1&amp;fs=1&amp;loop=0&amp;modestbranding=0&amp;rel=0&amp;showinfo=1&amp;theme=dark&amp;wmode=&amp;playsinline=0\" frameborder=\"0\" allowfullscreen allow=\"autoplay; encrypted-media; picture-in-picture\" title=\"\"><\/iframe><\/div>\n<div class=\"su-youtube su-u-responsive-media-yes\"><iframe width=\"600\" height=\"400\" src=\"https:\/\/www.youtube.com\/embed\/2ZpEPBx_3A8?autohide=2&amp;autoplay=0&amp;mute=0&amp;controls=1&amp;fs=1&amp;loop=0&amp;modestbranding=0&amp;rel=0&amp;showinfo=1&amp;theme=dark&amp;wmode=&amp;playsinline=0\" frameborder=\"0\" allowfullscreen allow=\"autoplay; encrypted-media; picture-in-picture\" title=\"\"><\/iframe><\/div>\n","protected":false},"excerpt":{"rendered":"<div class=\"entry-summary\">\nwydawca: Grupa Bez Jacka &nbsp;&nbsp; premiera: 10 kwietnia 2017 Kochani, wreszcie po&hellip;\n<\/div>\n<div class=\"link-more\"><a href=\"http:\/\/bezjacka.art.pl\/strona\/bez-jacka-wierzac-w-sny\/\" class=\"more-link\">Czytaj dalej<span class=\"screen-reader-text\"> &ldquo;Wierz\u0105c w sny&rdquo;<\/span>&hellip;<\/a><\/div>\n","protected":false},"author":1,"featured_media":3944,"parent":0,"menu_order":0,"comment_status":"open","ping_status":"closed","template":"","meta":{"spay_email":""},"jetpack_shortlink":"https:\/\/wp.me\/P4OIY8-14h","jetpack-related-posts":[{"id":4053,"url":"http:\/\/bezjacka.art.pl\/strona\/","url_meta":{"origin":4109,"position":0},"title":"Nowa p\u0142yta &#8211; &#8220;Wierz\u0105c w sny&#8221;","date":"9 kwietnia 2017","format":false,"excerpt":"Kochani, wreszcie po latach mo\u017cemy przedstawi\u0107 Wam nasz\u0105 now\u0105 p\u0142yt\u0119. Nosi ona tytu\u0142 \"Wierz\u0105c w sny\". Dobre sny i dobre marzenia, pragnienia spe\u0142niaj\u0105 si\u0119. Sam tego do\u015bwiadczy\u0142em, a ch\u0119\u0107 podzielenia si\u0119 tym z Wami spe\u0142nia si\u0119 wraz z wydaniem tej p\u0142yty. P\u0142yta nasza nagrana jest klasycznie, bez specjalnych efekt\u00f3w dodanych\u2026","rel":"","context":"Similar post","img":{"alt_text":"","src":"https:\/\/i0.wp.com\/bezjacka.art.pl\/strona\/wp-content\/uploads\/2017\/04\/zbig_plyta.png?resize=350%2C200","width":350,"height":200},"classes":[]},{"id":1615,"url":"http:\/\/bezjacka.art.pl\/strona\/nasze-plyty\/","url_meta":{"origin":4109,"position":1},"title":"Wydawnictwa","date":"4 sierpnia 2013","format":false,"excerpt":"Ze wszystkich naszych wydawnictw tylko ostatnie p\u0142yty wydane przez wytw\u00f3rni\u0119 \"Dalmafon\" oraz przez nas samych s\u0105 legalne. Pozosta\u0142e p\u0142yty w zwi\u0105zku z wyga\u015bni\u0119ciem praw do ich rozpowszechniania, utraci\u0142y licencje i je\u017celi gdziekolwiek znajdziecie je Pa\u0144stwo w sprzeda\u017cy, to s\u0105 to wydania nielegalne czyli pirackie. Je\u017celi cho\u0107 troch\u0119 lubicie Pa\u0144stwo nas\u2026","rel":"","context":"Similar post","img":{"alt_text":"","src":"https:\/\/i1.wp.com\/bezjacka.art.pl\/strona\/wp-content\/uploads\/2017\/04\/bj_tlo_09.jpg?resize=350%2C200","width":350,"height":200},"classes":[]},{"id":1670,"url":"http:\/\/bezjacka.art.pl\/strona\/bez-jacka-z-chorem-i-orkiestra\/","url_meta":{"origin":4109,"position":2},"title":"Bez Jacka z ch\u00f3rem i orkiestr\u0105","date":"4 sierpnia 2013","format":false,"excerpt":"Bez Jacka z ch\u00f3rem Voce Angeli i Krakowsk\u0105 Orkiestra Kameraln\u0105. wydawca: DALMAFON premiera: 14 Sierpnia 2009 O ile nie wydarzy si\u0119 jaki\u015b kataklizm, na \"Bieszczadzkich Anio\u0142ach\" uka\u017ce si\u0119 nasza najnowsza p\u0142yta. Na p\u0142ycie przedstawiamy nagrania dokonane w czasie koncertu w Nowej Hucie. Podczas tego koncertu zagrali\u015bmy wsp\u00f3lnie z ch\u00f3rem Voce\u2026","rel":"","context":"Similar post","img":{"alt_text":"","src":"","width":0,"height":0},"classes":[]},{"id":1677,"url":"http:\/\/bezjacka.art.pl\/strona\/bez-jacka-jasiu\/","url_meta":{"origin":4109,"position":3},"title":"BEZ JACKA &#8211; &#8220;Jasiu&#8221;","date":"4 sierpnia 2013","format":false,"excerpt":"wydawca: DALMAFON premiera: 13 Marca 2004 Ostatni zarejestrowany koncert z udzia\u0142em Jana Stefa\u0144skiego zmar\u0142ego przedwcze\u015bnie 14 lutego 1996 roku. Jasiu, by\u0142 dusz\u0105 towarzystwa, koncerty z jego udzia\u0142em mia\u0142y sw\u00f3j niepowtarzalny klimat, poprzez subtelne sol\u00f3wki gitarowe oraz dowcipy opowiadane mi\u0119dzy piosenkami. Ostatni koncert z Jasiem Stefa\u0144skim odby\u0142 si\u0119 25 stycznia 1996\u2026","rel":"","context":"Similar post","img":{"alt_text":"","src":"","width":0,"height":0},"classes":[]},{"id":1675,"url":"http:\/\/bezjacka.art.pl\/strona\/ot-tak-po-prostu-tom-1\/","url_meta":{"origin":4109,"position":4},"title":"Ot tak, po prostu&#8230; tom. 1","date":"4 sierpnia 2013","format":false,"excerpt":"wydawca: DALMAFON premiera: 28 Czerwca 2008 Dok\u0142adnie po dw\u00f3ch latach, kiedy to do\u015b\u0107 nieoczekiwanie na tej samej Bazunie w Elblagu, na swoim jubileuszowym koncercie zesp\u00f3\u0142S\u0142odki Ca\u0142us od Bubyspontanicznie zaprosi\u0142 do za\u015bpiewania kilku piosenek naszego lidera Zbyszka Stefa\u0144skiego - wychodzi wsp\u00f3lna p\u0142yta. W\u0142a\u015bciwie wychodzi pierwsza z dw\u00f3ch p\u0142yt, kt\u00f3re razem planujemy\u2026","rel":"","context":"Similar post","img":{"alt_text":"","src":"","width":0,"height":0},"classes":[]},{"id":1663,"url":"http:\/\/bezjacka.art.pl\/strona\/ot-tak-po-prostu-tom-2\/","url_meta":{"origin":4109,"position":5},"title":"&#8220;Ot tak, po prostu&#8230;&#8221; tom. 2","date":"4 sierpnia 2013","format":false,"excerpt":"wydawca: DALMAFON premiera: 17 Wrze\u015bnia 2010 Ten projekt powsta\u0142 przypadkowo 4 lata temu na Bazunie podczas jubileuszowego koncertu S\u0142odkiego Ca\u0142usa od Buby. Zesp\u00f3\u0142 S\u0142odki Ca\u0142us zagra\u0142 piosenk\u0119 z repertuaru Bez Jacka, a za\u015bpiewa\u0142 j\u0105 Zbyszek Stefa\u0144ski, lider Bez Jacka. Spodoba\u0142o si\u0119 wszystkim i by\u0142o wiadomo, \u017ce na tym si\u0119 nie\u2026","rel":"","context":"Similar post","img":{"alt_text":"","src":"","width":0,"height":0},"classes":[]}],"jetpack_sharing_enabled":true,"_links":{"self":[{"href":"http:\/\/bezjacka.art.pl\/strona\/wp-json\/wp\/v2\/pages\/4109"}],"collection":[{"href":"http:\/\/bezjacka.art.pl\/strona\/wp-json\/wp\/v2\/pages"}],"about":[{"href":"http:\/\/bezjacka.art.pl\/strona\/wp-json\/wp\/v2\/types\/page"}],"author":[{"embeddable":true,"href":"http:\/\/bezjacka.art.pl\/strona\/wp-json\/wp\/v2\/users\/1"}],"replies":[{"embeddable":true,"href":"http:\/\/bezjacka.art.pl\/strona\/wp-json\/wp\/v2\/comments?post=4109"}],"version-history":[{"count":15,"href":"http:\/\/bezjacka.art.pl\/strona\/wp-json\/wp\/v2\/pages\/4109\/revisions"}],"predecessor-version":[{"id":4234,"href":"http:\/\/bezjacka.art.pl\/strona\/wp-json\/wp\/v2\/pages\/4109\/revisions\/4234"}],"wp:featuredmedia":[{"embeddable":true,"href":"http:\/\/bezjacka.art.pl\/strona\/wp-json\/wp\/v2\/media\/3944"}],"wp:attachment":[{"href":"http:\/\/bezjacka.art.pl\/strona\/wp-json\/wp\/v2\/media?parent=4109"}],"curies":[{"name":"wp","href":"https:\/\/api.w.org\/{rel}","templated":true}]}}

Wierząc w sny

<h4>wydawca: Grupa Bez Jacka &nbsp;&nbsp; premiera: 10 kwietnia 2017</h4>
<p>Kochani,<br />
wreszcie po latach możemy przedstawić Wam naszą nową płytę. Nosi ona nazwę &#8220;Wierząc w sny&#8221;. Dobre sny i dobre marzenia, pragnienia spełniają się. Sam tego doświadczyłem, a chęć podzielenia się tym z Wami spełnia się wraz z wydaniem tej płyty. Płyta nasza nagrana jest klasycznie, bez specjalnych efektów dodanych instrumentów itp. Jest to zamierzone. Chcemy po prostu, aby była ona przedłużeniem koncertu, czyli naszej wspólnej z Wami obecności.<br />
Serdecznie pozdrawiając zapraszam do świata moich przemyśleń i wzruszeń.</p>
<p style="text-align: right;"><em>Zbyszek Stefański</em></p>
<div class="su-row">
<div class="su-column su-column-size-1-2"><div class="su-column-inner su-u-clearfix su-u-trim">
<iframe width="100%" height="350" scrolling="no" frameborder="no" src="https://w.soundcloud.com/player/?url=https%3A%2F%2Fapi.soundcloud.com%2Fplaylists%2F314164164&auto_play=false&hide_related=false&visual=false&show_comments=true&show_user=true&show_reposts=false&color=00aabb"></iframe>
</div></div>
<div class="su-column su-column-size-1-2"><div class="su-column-inner su-u-clearfix su-u-trim">
1. Anioł<br />
2. Na przekór<br />
3. Bociany<br />
4. Max<br />
5. Żołnierz<br />
6. Martyna<br />
7. Droga<br />
8. Kochana<br />
9. Dziewczyna</p>
<a href="https://sklep.sdm-myszkowski.com/bez-jacka-wierzac-w-sny-id-61" class="su-button su-button-style-stroked" style="color:#FFFFFF;background-color:#457077;border-color:#385a60;border-radius:0px;-moz-border-radius:0px;-webkit-border-radius:0px" target="_blank" rel="noopener noreferrer"><span style="color:#FFFFFF;padding:6px 18px;font-size:14px;line-height:21px;border-color:#7d9ba0;border-radius:0px;-moz-border-radius:0px;-webkit-border-radius:0px;text-shadow:none;-moz-text-shadow:none;-webkit-text-shadow:none"><i class="sui sui-shopping-cart" style="font-size:14px;color:#FFFFFF"></i> KUP PŁYTĘ</span></a>
</div></div>
</div>
<hr>
<div class="su-youtube su-u-responsive-media-yes"><iframe width="600" height="400" src="https://www.youtube.com/embed/gSpAzRzYwcE?autohide=2&amp;autoplay=0&amp;mute=0&amp;controls=1&amp;fs=1&amp;loop=0&amp;modestbranding=0&amp;rel=0&amp;showinfo=1&amp;theme=dark&amp;wmode=&amp;playsinline=0" frameborder="0" allowfullscreen allow="autoplay; encrypted-media; picture-in-picture" title=""></iframe></div>
<div class="su-youtube su-u-responsive-media-yes"><iframe width="600" height="400" src="https://www.youtube.com/embed/2ZpEPBx_3A8?autohide=2&amp;autoplay=0&amp;mute=0&amp;controls=1&amp;fs=1&amp;loop=0&amp;modestbranding=0&amp;rel=0&amp;showinfo=1&amp;theme=dark&amp;wmode=&amp;playsinline=0" frameborder="0" allowfullscreen allow="autoplay; encrypted-media; picture-in-picture" title=""></iframe></div>

<div class="entry-summary">
wydawca: Grupa Bez Jacka &nbsp;&nbsp; premiera: 10 kwietnia 2017 Kochani, wreszcie po&hellip;
</div>
<div class="link-more"><a href="http://bezjacka.art.pl/strona/bez-jacka-wierzac-w-sny/" class="more-link">Czytaj dalej<span class="screen-reader-text"> &ldquo;Wierząc w sny&rdquo;</span>&hellip;</a></div>

Nowa płyta &#8211; &#8220;Wierząc w sny&#8221;

Kochani, wreszcie po latach możemy przedstawić Wam naszą nową płytę. Nosi ona tytuł "Wierząc w sny". Dobre sny i dobre marzenia, pragnienia spełniają się. Sam tego doświadczyłem, a chęć podzielenia się tym z Wami spełnia się wraz z wydaniem tej płyty. Płyta nasza nagrana jest klasycznie, bez specjalnych efektów dodanych…

Ze wszystkich naszych wydawnictw tylko ostatnie płyty wydane przez wytwórnię "Dalmafon" oraz przez nas samych są legalne. Pozostałe płyty w związku z wygaśnięciem praw do ich rozpowszechniania, utraciły licencje i jeżeli gdziekolwiek znajdziecie je Państwo w sprzedaży, to są to wydania nielegalne czyli pirackie. Jeżeli choć trochę lubicie Państwo nas…

Bez Jacka z chórem i orkiestrą

Bez Jacka z chórem Voce Angeli i Krakowską Orkiestra Kameralną. wydawca: DALMAFON premiera: 14 Sierpnia 2009 O ile nie wydarzy się jakiś kataklizm, na "Bieszczadzkich Aniołach" ukaże się nasza najnowsza płyta. Na płycie przedstawiamy nagrania dokonane w czasie koncertu w Nowej Hucie. Podczas tego koncertu zagraliśmy wspólnie z chórem Voce…

wydawca: DALMAFON premiera: 13 Marca 2004 Ostatni zarejestrowany koncert z udziałem Jana Stefańskiego zmarłego przedwcześnie 14 lutego 1996 roku. Jasiu, był duszą towarzystwa, koncerty z jego udziałem miały swój niepowtarzalny klimat, poprzez subtelne solówki gitarowe oraz dowcipy opowiadane między piosenkami. Ostatni koncert z Jasiem Stefańskim odbył się 25 stycznia 1996…

wydawca: DALMAFON premiera: 28 Czerwca 2008 Dokładnie po dwóch latach, kiedy to dość nieoczekiwanie na tej samej Bazunie w Elblagu, na swoim jubileuszowym koncercie zespółSłodki Całus od Bubyspontanicznie zaprosił do zaśpiewania kilku piosenek naszego lidera Zbyszka Stefańskiego - wychodzi wspólna płyta. Właściwie wychodzi pierwsza z dwóch płyt, które razem planujemy…

wydawca: DALMAFON premiera: 17 Września 2010 Ten projekt powstał przypadkowo 4 lata temu na Bazunie podczas jubileuszowego koncertu Słodkiego Całusa od Buby. Zespół Słodki Całus zagrał piosenkę z repertuaru Bez Jacka, a zaśpiewał ją Zbyszek Stefański, lider Bez Jacka. Spodobało się wszystkim i było wiadomo, że na tym się nie…
